98 = 638. Let n = -197 + a. What is the units digit of n?
3
Let y = -7 - -5. What is the hundreds digit of (y/2)/(23/(-2553))?
1
Let f(p) be the first derivative of -10*p**2 + 76*p + 88. What is the hundreds digit of f(-15)?
3
Let h = -96 + -44. What is the units digit of (-12908)/h - (-1)/(-5)?
2
Suppose 0 = 4*g - 3*g. Suppose -2*u = -g*u - 4. Suppose u*t - 132 = -5*l - 22, -2*t = -5*l + 130. What is the tens digit of l?
2
Suppose 17 = 4*x - 615. Suppose -2*c = -5*c + 5*h + x, 2*c - 116 = -2*h. Suppose z = -z + c. What is the units digit of z?
8
Let j = -24485 + 45831. What is the units digit of j?
6
Let y = 4756 + 27990. What is the ten thousands digit of y?
3
Suppose 0 = -113*z + 4836144 - 1169181. What is the thousands digit of z?
2
Suppose -4*b + 109*t - 111*t + 10576 = 0, -b - t + 2643 = 0. What is the hundreds digit of b?
6
Let r = 27 + 56. Let j = 52 + r. Let c = -65 + j. What is the tens digit of c?
7
Suppose -916*m = -913*m - 9, -45006 = -4*z + 2*m. What is the thousands digit of z?
1
Let f(d) = d**2 - 8*d - 13. Let a be f(11). Suppose 0 = -6*u + a - 2. Suppose 47 = u*n - 22. What is the units digit of n?
3
Let r(o) = 4*o**3 + 2*o - 2. Let i be r(1). Suppose -i*s + 1851 = 4*z + s, 3*s = z - 467. What is the tens digit of (2/(-4))/((-4)/z)?
5
Let d be (-52)/(-8) + (-1)/2. Let k(v) = 4*v**3 - 15*v**2 + 50*v - 14. What is the hundreds digit of k(d)?
6
Let m(l) = -36*l**3 + 10*l**2 + 53*l - 18. What is the hundreds digit of m(-5)?
4
Let z = 61 + -60. What is the tens digit of 216 + (-4 - -3) - z?
1
Let m be (-3621)/(-102)*(21 + 1). Suppose -19*l + m = -8*l. What is the tens digit of l?
7
Let b be (0 + (-1 - -1))/(35 + -36). Suppose 0*k + 5*n - 109 = -2*k, b = -4*k + 3*n + 179. Suppose 14*y - 2277 - k = 0. What is the hundreds digit of y?
1
Let x = -8977 + 39310. What is the tens digit of x?
3
Suppose -53564 = -112*z + 84*z. What is the hundreds digit of z?
9
Let j(o) = o**3 + 8*o**2 + o + 4. Let f be j(-7). Let b be (4 - 1) + f + 3. Suppose a + a - b = 0. What is the units digit of a?
6
Suppose t - 1097 = 5*b, 1087 = t + 21*b - 24*b. Suppose 2*c + t = 2*p, -5*p = -0*p + c - 2656. What is the units digit of p?
2
Let l be (-3402)/(-5) - (0 + 4/10). What is the units digit of l + 0/(-6) + -7?
3
Suppose 102*a = 5*l + 100*a - 22, -3*l + 22 = a. What is the thousands digit of l*(-6)/3*-134?
1
Suppose 3*k + 2*y = 14, 4*k - 6*y + 3*y = 13. Suppose m - 3190 = -k*m - 5*p, -2546 = -4*m + 2*p. What is the units digit of m?
7
Let k = 588 - 588. Suppose k = 6*a - 2354 - 3646. What is the units digit of a?
0
Let n = 772 + -767. Suppose -q - 2*u = -5*u - 609, n*q = 4*u + 3067. What is the tens digit of q?
1
Suppose -157*v + 67*v = -1543680. What is the hundreds digit of v?
1
Suppose 3*v - 16 = -4*k, -3*k = 2*k - 4*v + 11. What is the units digit of -2 - (-1 + -636) - (1 + k)?
3
Let v = 21228 + -14444. What is the units digit of v?
4
Let s(g) = -2 - 4 + 4*g + 13. Let r be s(0). Suppose r = -4*k + 43. What is the units digit of k?
9
Suppose -5*b - 12487 = -3*n, -49 = 5*b - 9. What is the tens digit of n?
4
Let k = -134 - -133. Let p be (-4 - (1 - k))/(12/(-8)). Suppose -p*f = 15 - 139. What is the tens digit of f?
3
Suppose -7*y = -5*q + 2*q - 331389, 3*q + 142017 = 3*y. What is the hundreds digit of y?
3
Let s = 79429 - 42343. What is the units digit of s?
6
Let c(q) = 30*q + 19. What is the hundreds digit of c(28)?
8
Let b(r) = 401*r**2 + 41*r - 55. What is the ten thousands digit of b(5)?
1
Let j(o) = 8*o - 17. Let q be j(3). What is the tens digit of (-3566)/(-8) + q/28?
4
Suppose -31*n + 24*n + 2639 = 0. Let v = 875 - n. What is the units digit of v?
8
Let x(y) = -8*y + 2 - 4 + 9*y. Let p be x(6). Suppose -8 = p*m, -3*b = -0*b + 5*m - 119. What is the tens digit of b?
4
Let x be (-171)/(-189) + 2/21. What is the tens digit of (-5)/4 - (-4863)/12*x?
0
Let i(u) be the second derivative of -u**5/20 - 29*u**4/12 + 11*u**3/6 + 3*u**2/2 - 2*u + 17. What is the tens digit of i(-30)?
7
Suppose -6*g + 3267 = -1119. Let d = g - 470. What is the units digit of d?
1
Suppose 0 = -57*u + 110078 + 201519 + 541807. What is the ten thousands digit of u?
1
Let l = 5 + 0. Suppose -3*o - l*r - 8 = 6, -4*o + 3*r + 20 = 0. Suppose -o*p + 152 = -0*p. What is the tens digit of p?
7
Suppose -55*h = -18*h + 12*h - 783902. What is the units digit of h?
8
Let j = 324 - 328. Let f(p) = 2*p + 1. Let d be f(-1). What is the tens digit of j + -6*(d + -11)?
6
Suppose 0 = -2*o - 4*y + 140, -3*y + 190 = 3*o - 2*y. Suppose 57 = h - 2*s, 4*h - 117 = 2*h + 3*s. Let t = h - o. What is the units digit of t?
1
Suppose 196878 - 13494 = 24*v. What is the tens digit of v?
4
What is the hundreds digit of 9 - -499 - -2 - 2?
5
Let c = -8595 - -12058. What is the hundreds digit of c?
4
Suppose 4*s - 41540 = -4*b, -s - 5*b = -2*b - 10387. Let o be (-6)/(2/(-11) - (-1756)/s). Suppose -6*p + 10*p = o. What is the hundreds digit of p?
1
What is the thousands digit of -1 - ((-15 - -13) + -12021)?
2
What is the ten thousands digit of (-61228)/16*(17/(102/(-60)) - -2)?
3
Let r(a) = -40*a + 265. Let n be r(-17). Let l = 2355 - n. What is the tens digit of l?
1
Let l = -58 + 49. Let b = l + 53. What is the units digit of b/28 - 2 - (-1101)/21?
2
Suppose -2*g + 143*x - 138*x + 64366 = 0, g - 32222 = -4*x. What is the hundreds digit of g?
1
Let u = -2090 - -1463. Let h = 1056 + u. What is the units digit of h?
9
Suppose 21210 = -191*g + 393*g - 187*g. What is the hundreds digit of g?
4
Let r = 340 + -335. Suppose -3*g - 1329 = 15*o - 20*o, r*g - 777 = -3*o. What is the units digit of o?
4
Let y be (1 - (3 + (2 - 13))) + -3. Let g(n) = 8*n**2 + 7*n - 8. Let q(f) = -f**2 - f + 1. Let j(r) = y*q(r) + g(r). What is the tens digit of j(6)?
7
Let j = -80 + 33. Let l = j - -49. Suppose 3*s - l*d = -0*s + 99, 4*s - 5*d = 139. What is the tens digit of s?
3
Let y be 23 + 2 - 12/(2 - -2). Let s be (-12)/66 - (-158)/y. Suppose -3*x - 284 = -s*x. What is the tens digit of x?
7
Suppose -5*h - a = 135, -5*h - 137 = 5*a + 18. Let y = -101 - -153. Let l = h + y. What is the units digit of l?
6
Let i(t) = 11*t - 44. Let k be i(4). Suppose m + 5*z - 683 = -0*z, -2*m - 3*z + 1380 = k. What is the tens digit of m?
9
Let j be 82 + 0/1 - 1. Suppose -1639*v + 1646*v = 1450 + 538. Let t = v - j. What is the units digit of t?
3
Let o = -6173 - -12341. What is the tens digit of o?
6
Let f = -53 + 111. Let q = f + -53. Suppose t + 5 = q*z + 19, t + 3*z = 46. What is the tens digit of t?
3
Suppose -104*i + 99*i = 4*k - 18680, 3*i - 2*k = 11186. What is the units digit of i?
2
Suppose 2*w - 47384 = -2*a, a + 11276 = -4*w + 106026. What is the units digit of w?
6
Let x(o) = 9*o**2 - 2*o - 5. Let l be x(-2). Suppose 31*i - l*i = 5*v - 2206, 4*i = -4*v + 2208. What is the tens digit of i?
5
Let s be -2 - (-3 + 1) - 3. Let y be (11 + s)*(-4 - -6). What is the units digit of (-320)/y*11/(-2)?
0
Suppose -9*u - u - 910 = 0. Let z = u + 199. What is the units digit of z?
8
Let g = -190 + 169. What is the units digit of ((-6440)/g)/((-4)/(-6))?
0
Let p be (15116/(-30))/(-1) - (-8)/60. Let a = p - -735. What is the units digit of a?
9
Let j(c) be the second derivative of -c**4/12 - c**3/3 + 231*c**2/2 + 2*c - 12. What is the hundreds digit of j(0)?
2
Suppose -5*y + 33 = -3*r + 3771, -1496 = 2*y - 2*r. Let x = y - -1125. What is the tens digit of x?
7
Let a = -8071 + 10263. What is the units digit of a?
2
Let n(a) = 42 - 569 + 126 + 172*a + 132 + 99. What is the units digit of n(5)?
0
Suppose -2*a + 2 - 432 = 0. Let q = 423 + a. What is the tens digit of q?
0
Suppose -230*j - 1183600 + 5869850 = 0. What is the ten thousands digit of j?
2
Let g(p) = 155*p + 13373. What is the ten thousands digit of g(37)?
1
Let v(d) be the third derivative of 89*d**4/24 - d**3/3 + 15*d**2 + d. What is the tens digit of v(5)?
4
Let a(o) = -o**2 + 6*o + 19. Let h be a(7). Suppose 802 = b - 5*q, -5*q = h + 8. What is the hundreds digit of b?
7
Suppose 0 = -n + 10*n - 97713. Suppose 16*u - 9*u - n = 0. Suppose -284 = 7*r - u. What is the hundreds digit of r?
1
Let o = -10663 + 17534. What is the tens digit of o?
7
Let c be 3/7 + ((-148038)/(-77) - -8). Let d = -632 + c. What is the units digit of d?
9
Let s = 48463 - 22674. What is the tens digit of s?
8
Let n(a) 